{"id":3392,"date":"2020-12-18T18:38:25","date_gmt":"2020-12-18T17:38:25","guid":{"rendered":"http:\/\/s852704279.online.de\/wordpress\/?page_id=3392"},"modified":"2020-12-21T11:19:48","modified_gmt":"2020-12-21T10:19:48","slug":"fieg-interim","status":"publish","type":"page","link":"http:\/\/s852704279.online.de\/wordpress\/","title":{"rendered":"Fieg Metallbau"},"content":{"rendered":"<p>[vc_row css=&#8220;.vc_custom_1608392114855{padding-bottom: 5px !important;}&#8220;][vc_column width=&#8220;1\/3&#8243; css=&#8220;.vc_custom_1608392095817{padding-bottom: 5px !important;}&#8220;][vc_hoverbox image=&#8220;3659&#8243; primary_title=&#8220;Handwerk&#8220; primary_title_font_container=&#8220;font_size:20%20px|color:%23ffffff&#8220; primary_title_google_fonts=&#8220;font_family:Ubuntu%3A300%2C300italic%2Cregular%2Citalic%2C500%2C500italic%2C700%2C700italic|font_style:500%20bold%20regular%3A500%3Anormal&#8220; hover_title=&#8220;Handwerk&#8220; hover_title_font_container=&#8220;font_size:22|color:%23ffffff&#8220; hover_title_google_fonts=&#8220;font_family:Ubuntu%3A300%2C300italic%2Cregular%2Citalic%2C500%2C500italic%2C700%2C700italic|font_style:400%20regular%3A400%3Anormal&#8220; shape=&#8220;square&#8220; hover_background_color=&#8220;custom&#8220; use_custom_fonts_primary_title=&#8220;true&#8220; use_custom_fonts_hover_title=&#8220;true&#8220; hover_custom_background=&#8220;#2f3e5b&#8220;]<span style=\"color: #ffffff;\">Fieg Metallbau ist ein inhabergef\u00fchrter Hamburger Handwerksbetrieb in der nunmehr 3. Generation. Seit unserer Gr\u00fcndung im Jahr 1953 ist es unser Anspruch, die W\u00fcnsche unserer Kunden in h\u00f6chster handwerklicher Perfektion auf dem neuesten Stand der Technik umzusetzen.<\/span><\/p>\n<p>[\/vc_hoverbox][\/vc_column][vc_column width=&#8220;1\/3&#8243; css=&#8220;.vc_custom_1608392102570{padding-bottom: 5px !important;}&#8220;][vc_hoverbox image=&#8220;3660&#8243; primary_title=&#8220;High Tech&#8220; primary_title_font_container=&#8220;font_size:20%20px|color:%23ffffff&#8220; primary_title_google_fonts=&#8220;font_family:Ubuntu%3A300%2C300italic%2Cregular%2Citalic%2C500%2C500italic%2C700%2C700italic|font_style:500%20bold%20regular%3A500%3Anormal&#8220; hover_title=&#8220;High Tech&#8220; hover_title_font_container=&#8220;font_size:22|color:%23ffffff&#8220; hover_title_google_fonts=&#8220;font_family:Ubuntu%3A300%2C300italic%2Cregular%2Citalic%2C500%2C500italic%2C700%2C700italic|font_style:400%20regular%3A400%3Anormal&#8220; shape=&#8220;square&#8220; hover_background_color=&#8220;custom&#8220; use_custom_fonts_primary_title=&#8220;true&#8220; use_custom_fonts_hover_title=&#8220;true&#8220; hover_custom_background=&#8220;#327ec1&#8243;]<span style=\"color: #ffffff;\">Metallbau erfordert neben traditioneller Handwerkskunst auch stehts die neueste Technologie. Das galt im Jahr unser Gr\u00fcndung genauso wie heute. Dank kontinuierlicher Investition verf\u00fcgen wir mit unserer technischen Ausstattung \u00fcber letzten Stand der Technik.<\/span>[\/vc_hoverbox][\/vc_column][vc_column width=&#8220;1\/3&#8243; css=&#8220;.vc_custom_1608324232963{padding-bottom: 5px !important;}&#8220;][vc_hoverbox image=&#8220;3661&#8243; primary_title=&#8220;Sch\u00fcco Partner&#8220; primary_title_font_container=&#8220;font_size:20%20px|color:%23ffffff&#8220; primary_title_google_fonts=&#8220;font_family:Ubuntu%3A300%2C300italic%2Cregular%2Citalic%2C500%2C500italic%2C700%2C700italic|font_style:500%20bold%20regular%3A500%3Anormal&#8220; hover_title=&#8220;Sch\u00fcco Partner&#8220; hover_title_font_container=&#8220;font_size:22|color:%23ffffff&#8220; hover_title_google_fonts=&#8220;font_family:Ubuntu%3A300%2C300italic%2Cregular%2Citalic%2C500%2C500italic%2C700%2C700italic|font_style:400%20regular%3A400%3Anormal&#8220; shape=&#8220;square&#8220; hover_background_color=&#8220;custom&#8220; use_custom_fonts_primary_title=&#8220;true&#8220; use_custom_fonts_hover_title=&#8220;true&#8220; hover_custom_background=&#8220;#8cb9df&#8220;]<span style=\"color: #ffffff;\">Gerade im Metallbau gilt: Hochwertige Erzeugnisse verlangen hochwertiges Ausgangsmaterial. Als offizieller Sch\u00fcco Partner verarbeiten wir ausschlie\u00dflich Sch\u00fcco Aluminiumprofile der h\u00f6chsten Qualit\u00e4t. Das Ergebnis sind ein bestechendes Finish und maximale Haltbarkeit.<\/span><\/p>\n<p>[\/vc_hoverbox][\/vc_column][vc_column width=&#8220;1\/3&#8243; css=&#8220;.vc_custom_1608392136999{padding-bottom: 5px !important;}&#8220;][vc_hoverbox image=&#8220;3657&#8243; primary_title=&#8220;CNC Fertigung&#8220; primary_title_font_container=&#8220;font_size:20%20px|color:%23ffffff&#8220; primary_title_google_fonts=&#8220;font_family:Ubuntu%3A300%2C300italic%2Cregular%2Citalic%2C500%2C500italic%2C700%2C700italic|font_style:500%20bold%20regular%3A500%3Anormal&#8220; hover_title=&#8220;CNC Fertigung&#8220; hover_title_font_container=&#8220;font_size:22|color:%23ffffff&#8220; hover_title_google_fonts=&#8220;font_family:Ubuntu%3A300%2C300italic%2Cregular%2Citalic%2C500%2C500italic%2C700%2C700italic|font_style:400%20regular%3A400%3Anormal&#8220; shape=&#8220;square&#8220; hover_background_color=&#8220;custom&#8220; use_custom_fonts_primary_title=&#8220;true&#8220; use_custom_fonts_hover_title=&#8220;true&#8220; hover_custom_background=&#8220;#b7e0fc&#8220;]<span style=\"color: #333333;\">Dank eines CNC Maschinenparks der neuesten Generation k\u00f6nnen wir unabh\u00e4ngig von anderen Anbietern flexibel auf die Anforderungen und W\u00fcnsche unserer Kunden eingehen. Das erm\u00f6glicht uns h\u00f6chste Qualit\u00e4t in Qualit\u00e4t, Finish und Termintreue.<\/span><\/p>\n<p>[\/vc_hoverbox][\/vc_column][vc_column width=&#8220;1\/3&#8243; css=&#8220;.vc_custom_1608392143902{padding-bottom: 5px !important;}&#8220;][vc_hoverbox image=&#8220;3670&#8243; primary_title=&#8220;&#8220; primary_title_font_container=&#8220;font_size:24%20px|color:%23ffffff&#8220; primary_title_google_fonts=&#8220;font_family:Ubuntu%3A300%2C300italic%2Cregular%2Citalic%2C500%2C500italic%2C700%2C700italic|font_style:400%20regular%3A400%3Anormal&#8220; hover_title=&#8220;Schlosserei &amp; Metallbau Fieg GmbH&#8220; hover_title_font_container=&#8220;font_size:22|color:%232f3e5b&#8220; hover_title_google_fonts=&#8220;font_family:Ubuntu%3A300%2C300italic%2Cregular%2Citalic%2C500%2C500italic%2C700%2C700italic|font_style:400%20regular%3A400%3Anormal&#8220; shape=&#8220;square&#8220; hover_background_color=&#8220;custom&#8220; use_custom_fonts_primary_title=&#8220;true&#8220; use_custom_fonts_hover_title=&#8220;true&#8220; hover_custom_background=&#8220;#ffffff&#8220;]<span style=\"color: #333333;\">Flachsland 37, 22083 Hamburg<\/span><br \/>\n<span style=\"color: #333333;\">T: +49 (0) 40 29 66 40<\/span><br \/>\n<span style=\"color: #333333;\">F: +49 (0) 40 298 31 99<\/span><br \/>\n<a href=\"mailto:info@fieg-gmbh.de\"><span style=\"color: #333333;\">info@fieg-gmbh.de<\/span><\/a><\/p>\n<p>[\/vc_hoverbox][\/vc_column][vc_column width=&#8220;1\/3&#8243; css=&#8220;.vc_custom_1608392149952{padding-bottom: 5px !important;}&#8220;][vc_hoverbox image=&#8220;3658&#8243; primary_title=&#8220;CNC Zuschnitt&#8220; primary_title_font_container=&#8220;font_size:20px|color:%23ffffff&#8220; primary_title_google_fonts=&#8220;font_family:Ubuntu%3A300%2C300italic%2Cregular%2Citalic%2C500%2C500italic%2C700%2C700italic|font_style:500%20bold%20regular%3A500%3Anormal&#8220; hover_title=&#8220;CNC Zuschnitt&#8220; hover_title_font_container=&#8220;font_size:22|color:%23ffffff&#8220; hover_title_google_fonts=&#8220;font_family:Ubuntu%3A300%2C300italic%2Cregular%2Citalic%2C500%2C500italic%2C700%2C700italic|font_style:400%20regular%3A400%3Anormal&#8220; shape=&#8220;square&#8220; hover_background_color=&#8220;custom&#8220; use_custom_fonts_primary_title=&#8220;true&#8220; use_custom_fonts_hover_title=&#8220;true&#8220; hover_custom_background=&#8220;#2f3e5b&#8220;]<span style=\"color: #ffffff;\">Unsere CNC Zuschnitte garantieren ein Ma\u00df an Pr\u00e4zision, das auf konventionelle Weise auch nicht ann\u00e4hernd erreichbar w\u00e4re. Das Ergebnis sind Profile, die mit ihren optisch nahtlosen Passungen hochwertigste Konstruktionen wie aus einem Guss m\u00f6glich machen.<\/span><\/p>\n<p>[\/vc_hoverbox][\/vc_column][vc_column width=&#8220;1\/3&#8243; css=&#8220;.vc_custom_1608399401601{padding-bottom: 5px !important;}&#8220;][vc_hoverbox image=&#8220;3655&#8243; primary_title=&#8220;B2B Produkte&#8220; primary_title_font_container=&#8220;font_size:20%20px|color:%23ffffff&#8220; primary_title_google_fonts=&#8220;font_family:Ubuntu%3A300%2C300italic%2Cregular%2Citalic%2C500%2C500italic%2C700%2C700italic|font_style:500%20bold%20regular%3A500%3Anormal&#8220; hover_title=&#8220;B2B Produkte&#8220; hover_title_font_container=&#8220;font_size:22|color:%23ffffff&#8220; hover_title_google_fonts=&#8220;font_family:Ubuntu%3A300%2C300italic%2Cregular%2Citalic%2C500%2C500italic%2C700%2C700italic|font_style:400%20regular%3A400%3Anormal&#8220; shape=&#8220;square&#8220; hover_background_color=&#8220;custom&#8220; use_custom_fonts_primary_title=&#8220;true&#8220; use_custom_fonts_hover_title=&#8220;true&#8220; hover_custom_background=&#8220;#327ec1&#8243;]<span style=\"color: #ffffff;\">Nach Ihren Vorgaben liefern wir Balkonplattform als Halbzeug ebenso wie montagefertige Balkone. So sind Sie als Metallbaubetrieb ab sofort in der Lage, Ihren Kunden ma\u00dfgefertigte Balkone in h\u00f6chster Qualit\u00e4t und in jeder nur denkbaren Ausf\u00fchrung anbieten zu k\u00f6nnen.<\/span><\/p>\n<p>[\/vc_hoverbox][\/vc_column][vc_column width=&#8220;1\/3&#8243; css=&#8220;.vc_custom_1608399595885{padding-bottom: 5px !important;}&#8220;][vc_hoverbox image=&#8220;3654&#8243; primary_title=&#8220;Metallbau&#8220; primary_title_font_container=&#8220;font_size:20%20px|color:%23ffffff&#8220; primary_title_google_fonts=&#8220;font_family:Ubuntu%3A300%2C300italic%2Cregular%2Citalic%2C500%2C500italic%2C700%2C700italic|font_style:500%20bold%20regular%3A500%3Anormal&#8220; hover_title=&#8220;Metallbau&#8220; hover_title_font_container=&#8220;font_size:22|color:%23ffffff&#8220; hover_title_google_fonts=&#8220;font_family:Ubuntu%3A300%2C300italic%2Cregular%2Citalic%2C500%2C500italic%2C700%2C700italic|font_style:400%20regular%3A400%3Anormal&#8220; shape=&#8220;square&#8220; hover_background_color=&#8220;custom&#8220; use_custom_fonts_primary_title=&#8220;true&#8220; use_custom_fonts_hover_title=&#8220;true&#8220; hover_custom_background=&#8220;#8cb9df&#8220;]<span style=\"color: #ffffff;\">Unser Angebot umfasst alle Facetten des modernen Metallbaus, wie beispielsweise: Balkone &amp; Balkongel\u00e4nder, Balkonplattformen,Treppen &amp; Treppengel\u00e4nder, Tor- und Zaunanlagen, Aluminium Fenster, Aluminium T\u00fcren, Stahlbau und Sonderkonstruktionen.<\/span><\/p>\n<p>[\/vc_hoverbox][\/vc_column][vc_column width=&#8220;1\/3&#8243; css=&#8220;.vc_custom_1608399437784{padding-bottom: 5px !important;}&#8220;][vc_hoverbox image=&#8220;3656&#8243; primary_title=&#8220;CAD Konstruktion&#8220; primary_title_font_container=&#8220;font_size:20%20px|color:%23ffffff&#8220; primary_title_google_fonts=&#8220;font_family:Ubuntu%3A300%2C300italic%2Cregular%2Citalic%2C500%2C500italic%2C700%2C700italic|font_style:500%20bold%20regular%3A500%3Anormal&#8220; hover_title=&#8220;CAD Konstruktion&#8220; hover_title_font_container=&#8220;font_size:22|color:%23ffffff&#8220; hover_title_google_fonts=&#8220;font_family:Ubuntu%3A300%2C300italic%2Cregular%2Citalic%2C500%2C500italic%2C700%2C700italic|font_style:400%20regular%3A400%3Anormal&#8220; shape=&#8220;square&#8220; hover_background_color=&#8220;custom&#8220; use_custom_fonts_primary_title=&#8220;true&#8220; use_custom_fonts_hover_title=&#8220;true&#8220; hover_custom_background=&#8220;#b7e0fc&#8220;]<span style=\"color: #333333;\">Durch unsere firmeneigene Konstruktionsabteilung sind wir in k\u00fcrzester Zeit in der Lage, selbst anspruchsvollste W\u00fcnsche unserer Kunden in pr\u00e4zise 3D Datens\u00e4tze umzuwandeln. Die Grundvoraussetzung f\u00fcr eine CNC Fertigung in h\u00f6chster Qualit\u00e4t.<\/span><\/p>\n<p>[\/vc_hoverbox][\/vc_column][\/vc_row]<\/p>\n","protected":false},"excerpt":{"rendered":"<p>[vc_row css=&#8220;.vc_custom_1608392114855{padding-bottom: 5px !important;}&#8220;][vc_column width=&#8220;1\/3&#8243; css=&#8220;.vc_custom_1608392095817{padding-bottom: 5px !important;}&#8220;][vc_hoverbox image=&#8220;3659&#8243; primary_title=&#8220;Handwerk&#8220; primary_title_font_container=&#8220;font_size:20%20px|color:%23ffffff&#8220; primary_title_google_fonts=&#8220;font_family:Ubuntu%3A300%2C300italic%2Cregular%2Citalic%2C500%2C500italic%2C700%2C700italic|font_style:500%20bold%20regular%3A500%3Anormal&#8220; hover_title=&#8220;Handwerk&#8220; hover_title_font_container=&#8220;font_size:22|color:%23ffffff&#8220; hover_title_google_fonts=&#8220;font_family:Ubuntu%3A300%2C300italic%2Cregular%2Citalic%2C500%2C500italic%2C700%2C700italic|font_style:400%20regular%3A400%3Anormal&#8220; shape=&#8220;square&#8220; hover_background_color=&#8220;custom&#8220; use_custom_fonts_primary_title=&#8220;true&#8220; use_custom_fonts_hover_title=&#8220;true&#8220; hover_custom_background=&#8220;#2f3e5b&#8220;]Fieg Metallbau ist ein inhabergef\u00fchrter Hamburger Handwerksbetrieb in der nunmehr 3. Generation. Seit unserer Gr\u00fcndung im Jahr 1953 ist es unser Anspruch, die W\u00fcnsche unserer Kunden in h\u00f6chster handwerklicher Perfektion auf dem neuesten Stand der Technik&hellip;<\/p>\n","protected":false},"author":2,"featured_media":0,"parent":0,"menu_order":0,"comment_status":"closed","ping_status":"closed","template":"","meta":[],"categories":[106],"tags":[],"class_list":["post-3392","page","type-page","status-publish","hentry","category-fieg","description-off"],"_links":{"self":[{"href":"http:\/\/s852704279.online.de\/wordpress\/wp-json\/wp\/v2\/pages\/3392","targetHints":{"allow":["GET"]}}],"collection":[{"href":"http:\/\/s852704279.online.de\/wordpress\/wp-json\/wp\/v2\/pages"}],"about":[{"href":"http:\/\/s852704279.online.de\/wordpress\/wp-json\/wp\/v2\/types\/page"}],"author":[{"embeddable":true,"href":"http:\/\/s852704279.online.de\/wordpress\/wp-json\/wp\/v2\/users\/2"}],"replies":[{"embeddable":true,"href":"http:\/\/s852704279.online.de\/wordpress\/wp-json\/wp\/v2\/comments?post=3392"}],"version-history":[{"count":179,"href":"http:\/\/s852704279.online.de\/wordpress\/wp-json\/wp\/v2\/pages\/3392\/revisions"}],"predecessor-version":[{"id":3675,"href":"http:\/\/s852704279.online.de\/wordpress\/wp-json\/wp\/v2\/pages\/3392\/revisions\/3675"}],"wp:attachment":[{"href":"http:\/\/s852704279.online.de\/wordpress\/wp-json\/wp\/v2\/media?parent=3392"}],"wp:term":[{"taxonomy":"category","embeddable":true,"href":"http:\/\/s852704279.online.de\/wordpress\/wp-json\/wp\/v2\/categories?post=3392"},{"taxonomy":"post_tag","embeddable":true,"href":"http:\/\/s852704279.online.de\/wordpress\/wp-json\/wp\/v2\/tags?post=3392"}],"curies":[{"name":"wp","href":"https:\/\/api.w.org\/{rel}","templated":true}]}}